uppose -o + r*v + 649 = 0, 0 = 4*o - 9*o - 4*v + 3231. Is o prime?
True
Suppose t - 3*l = -4*t + 41, -5*l + 4 = 2*t. Suppose -312 = -t*j + 1466. Is j prime?
False
Let k(j) = 155*j - 98. Let a be k(12). Let z = a + -1017. Is z prime?
False
Let s be ((-126)/7)/(-3) + -2. Suppose 0 = -4*p - 22*v + 17*v + 17367, p + s*v - 4339 = 0. Is p a prime number?
False
Let d = 112 - 37. Let n = d + -70. Suppose -n*t = 5*k - 7345, 4*k - 5880 = -2*t - 0*t. Is k prime?
True
Let j = 303 - 277. Suppose 28*k - 45670 = j*k. Is k a prime number?
False
Is (149/(-1))/((-946)/(-2390) + (-24)/60) a prime number?
False
Is 1 + (-20)/16 - ((-6255579)/44 - 11) composite?
False
Let w(d) = -448*d + 23. Let i be w(-4). Let u = 2992 - i. Is u prime?
False
Suppose -38*m = 2*m - 119160. Let g = 30590 - m. Is g a composite number?
False
Let b(o) = o**3 - 40*o**2 + 116*o - 47. Let q be b(37). Suppose 2*i + 80 = 5*k + 218, -2*i + 4*k = -q. Is i composite?
True
Let y be 640/(-32) + -77581 + 3. Let n(u) = -3*u**2 + u. Let f be n(-1). Is (-2 + (-10)/f)/((-27)/y) a prime number?
False
Let x(u) = u**3 - 11*u**2 + 22*u - 78. Let h be x(10). Suppose -h*z + 226972 = 130. Is z a composite number?
True
Let l(h) = 19*h**2 + 12*h - 6. Let t be l(5). Let a = t + -78. Is a a composite number?
True
Let f = 16 + -30. Suppose -21*m + 4825 = 2032. Let q = m + f. Is q a prime number?
False
Let i(g) = 687*g**2 + 8*g + 22. Let l be i(-4). Suppose p + 18*j = 13*j + l, 0 = 3*p + 2*j - 32907. Is p prime?
False
Suppose -b + 2 = 6, 0 = 3*d - 2*b - 1154. Let n = d - -1531. Is n a prime number?
True
Is ((-284)/(-710))/(-1 + (-40494)/(-40490)) a prime number?
True
Let a(b) = -b**3 - 2*b + 805. Let i be 9/54 - (-1)/(-6). Let u be a(i). Suppose -3*k = -u - 650. Is k a composite number?
True
Let h(j) = 24*j**2 + 5. Let o be h(-4). Suppose 156 = 4*z + 5*c + 141, 0 = -2*z - 4*c + 6. Suppose -z*u = -o - 2316. Is u a prime number?
True
Let y(b) be the second derivative of -161*b**3/6 - 99*b**2 - 2*b - 13. Is y(-32) prime?
False
Suppose s + 2*b = -3*b - 127, s = -b - 135. Let y = s - -139. Suppose y*r - c - 3210 = -5*c, 5*c + 7965 = 5*r. Is r a prime number?
True
Is (-9763180)/15*180/(-240) a composite number?
True
Let j = 724658 - 330039. Is j composite?
False
Suppose -4*x - 3*h + 75 = 0, -3*x + 3*h + 115 = 43. Let a be (42/x)/(2/1119). Is (a - 0)*(-2)/(-6) composite?
False
Let h(r) = 28*r + 120. Let x be h(23). Let w = x + 1489. Is w composite?
True
Let r(s) = -s**2 - 46*s + 166381. Is r(0) prime?
False
Let l(u) = 9 + 31*u**2 + 7*u**2 - u - 2*u. Let s = -1215 - -1211. Is l(s) composite?
True
Let s(p) = -p + 16. Let b be s(10). Let k(r) = 50*r**2 - 7*r + 3. Is k(b) prime?
False
Let f be (30/(-25) + 1)*0. Suppose f = -2*d + 5*r + 36563, -3*r + 91330 = d + 4*d. Is d prime?
True
Suppose 33*y - 19*y - 470514 = 1212748. Is y a prime number?
True
Let q be (1 + (0 - 0))*0. Let j be (-3)/((-54)/50) - (-4)/18. Suppose j*v = -q*v + 285. Is v composite?
True
Let h(u) = 95*u**2 + 11*u + 121. Let j be h(-11). Let b = 7138 + j. Is b a composite number?
True
Suppose 0 = -10*f - 21*f + 1449157. Is f prime?
True
Let i = -93543 - -214582. Is i composite?
False
Suppose 13*u + 159 + 75 = 0. Let o = 1 + u. Is (-78268)/o*(-2)/(-4) a prime number?
False
Suppose -q = -61786 - 82555. Is q a composite number?
False
Let m(l) = -2*l**3 + 6*l**2 - 12*l + 38. Let h be m(3). Suppose -2*i + 2*g - 1480 + 5732 = 0, -h*i + g + 4255 = 0. Is i prime?
True
Suppose -20*i + 25*i = 4*f + 64, -f + 2*i - 16 = 0. Is -6*(-260 - -6)*(-4)/f a prime number?
False
Let i = 31 + -55. Let n = 24 + i. Suppose n = 11*u - 16*u + 935. Is u a composite number?
True
Let d = -254 - -267. Suppose -5 = -2*c - d, 3*c - 6591 = -3*p. Is p prime?
False
Let j be (0 - -1)*-98 + -4. Let v = j + 3695. Is v a composite number?
False
Suppose -5*z - 581 = -4026. Let m be 3*5/(-15)*-2. Is 1 + z + 1 + (m - -1) a prime number?
False
Let j be -12*(32/12)/8 + -56. Is (-2)/(-5) - -2*(-7698)/j a prime number?
True
Let y = 34788 + -9775. Is y a composite number?
False
Suppose 2*z - 10*z = -48. Suppose 5*n - z = 2*n. Is 12/(-10)*3165/(-6) - n prime?
True
Suppose -2*o - 898 = -3*o. Let f be (6/4)/((-6)/(-12)) - 3. Suppose -2*m - 4*b + 46 + 408 = f, 4*m - o = -3*b. Is m a composite number?
False
Suppose 2*l = -2*l + v + 149, 15 = 5*v. Suppose 40*u - 3898 = l*u. Is u composite?
False
Let k be ((-3235)/(-10))/((-3)/(-6)). Let j = k + -280. Suppose 42 - j = -5*x. Is x a composite number?
True
Let s = 58 + -62. Is 36031 - (-7 - 36/s) a composite number?
True
Let j(f) be the first derivative of f**4/4 - 6*f**3 + f**2/2 + 9*f + 15. Let d be j(17). Let n = d - -442. Is n composite?
False
Let l(s) = -7*s**2 + 57*s - 49. Let k(r) = 7*r**2 - 56*r + 51. Let d(h) = -4*k(h) - 5*l(h). Is d(21) a composite number?
False
Let i(t) = -3*t**2 - 14*t**3 - 17 - 10*t - 11*t**3 + 5*t**3. Let p be i(-3). Suppose 0 = -4*j + p + 182. Is j prime?
False
Let l(p) be the third derivative of 19*p**4/24 + 3671*p**3/2 - 70*p**2. Is l(0) a prime number?
False
Suppose -6 + 9 = f. Let q be (-60148)/33 - 1/f. Let o = -400 - q. Is o a composite number?
False
Let j(s) be the second derivative of 2*s**3/3 - 12*s**2 + 16*s. Let l be j(7). Suppose -m + 229 + 227 = -5*h, -l*h = 3*m - 1425. Is m a composite number?
True
Suppose -5*k + 3*h - 3 = -3*k, 0 = h - 1. Let l be 3*(k - 10/(-5)). Suppose -s = 5*w + 4*s - 10180, -2*s = l. Is w composite?
False
Suppose 4*m - 39 = -75. Let i be (84/m)/(4/138). Is (i/8)/(1/(-4)) a composite number?
True
Suppose 0 = 5*q - 14 - 6. Suppose -q*i - 12 = -i. Is i*(-1)/18 + 13262/18 a prime number?
False
Suppose 8*d = 5*n + 5*d - 221236, 3*d = n - 44240. Is n a prime number?
True
Let g(b) = 42*b**3 + 3*b**2 - 10*b + 1. Let c be g(2). Suppose -7*j = -14*j + c. Is j composite?
False
Let l be (0 - -1482)/(10/285). Suppose 302480 + l = 19*x. Is x a prime number?
True
Suppose -47*n + 6*n + 6047131 = 0. Is n prime?
False
Let j(n) = -6*n**3 + 6*n**2 + 5*n + 4. Let b be j(-4). Let l = -5621 - -5625. Suppose l*w - b = 3828. Is w composite?
True
Suppose 49*u - 52*u + 9 = 0. Is (11363/(-3))/((-1)/u) prime?
False
Let k(d) = -6*d**3 + 5*d**2 - 6*d + 210. Is k(-17) prime?
False
Let u be -84*(5/(-25) + 502/(-40)). Let b = 1384 + u. Is b composite?
True
Let a = -12711 - -83252. Is a a prime number?
False
Is (-2)/39 + 31689930/234 composite?
False
Let z be (-324)/(-6) - 6/(-4)*-2. Is 30260/35 + (-2 - z/(-21)) composite?
True
Let y(n) = -3*n**3 - 30*n**2 - 61*n - 207. Is y(-29) a composite number?
False
Let u(h) = h. Let p(w) = 464*w + 1. Let i(c) = p(c) + 6*u(c). Let f be i(5). Suppose 133 = -2*k + f. Is k composite?
False
Suppose -1027*r + 1003*r + 862440 = 0. Is r prime?
False
Let z(w) = 105*w**2 - 42*w - 235. Is z(-24) prime?
True
Let x be (-4 - -1) + (-44)/(-2). Let g be x/7 + (-24)/(-84). Suppose -g*q + 585 - 48 = 0. Is q prime?
True
Let z(q) = 5*q**2 - 41*q - 67. Let x = -388 - -416. Is z(x) composite?
True
Let k(q) = 2*q + 5. Let p be k(-2). Let r be -1*(14/p + -4). Is ((-8)/r)/(6035/6025 - 1) a prime number?
False
Suppose 4*a = 2*o - 7*o + 7, -4*a + 11 = o. Suppose 3*b - 4*w - 2537 = 0, -3*b - a*w - 4210 = -8*b. Is b prime?
True
Suppose -4*q + 42913 + 52518 = 3*x, -2*q = -5*x + 159069. Is x a prime number?
False
Let g(o) be the third derivative of -5*o**4/3 - 5*o**3/2 - 18*o**2. Let z = 57 + -76. Is g(z) a prime number?
False
Suppose 17*x - 20*x + 12 = 0. Suppose -2*w - 5*b = -10, 0 = w - x*b - 12 - 6. Suppose -4*d + w*d - 1254 = 0. Is d a prime number?
False
Let a(y) = -y**2 + y - 39071. Let o be a(0). Is o/(-4) - (-84)/(-112) a composite number?
False
Let q(r) = -3*r**2 - 2*r - 460. Let i be q(0). Let v = 1047 + i. Is v prime?
True
Suppose -50 = t - 144. Suppose 20*a - t = 46. Is a*(59 - (1 - 1)) composite?
True
Let h = -14356 + 31005. Is h composite?
False
Let x(d) = d**3 - 6*d**2 + 5*d - 12. Let n be x(5). Is 2/(n/(-9352)*16/12) composite?
True
Suppose -v - 8394 = -4*w + 29623, -7*v = -2*w + 18989. Is w a composite number?
True
Let r = -13404 + 30502. Let x = r + -11179. Is x a composite number?
True
Suppose 2*w = -w + 33. Suppose 0 = -3*p + 19 + w. Is 53*p + 6 + -3 prime?
False
Suppose 7*c - 4*v + 4262 = 10*c, -5680 = -4*c - 4*v. Let l = 2955 - c. Is l a composite number?
True
Let s(o) = -67*o**2 + 60*o - 223. L